*w + 38, 5*x - c = -5*w. List the prime factors of x.
3, 5
Suppose 2*h + 3 = 7. Suppose -o = -h - 6. What are the prime factors of o?
2
Let b(z) = -6*z - 2. What are the prime factors of b(-5)?
2, 7
List the prime factors of 119/(-34)*(-12)/7.
2, 3
Suppose 4*q + 8 = -3*u, -q + 4*u - u - 2 = 0. Let o be q/(3/(-3)) + -2. Suppose -k + 4 = -o*k. List the prime factors of k.
2
Let c = -372 + 559. What are the prime factors of c?
11, 17
Let x(m) = m**2 - 7*m - 7. Let g be x(8). Let u be g/(-3) + (-14)/(-6). Suppose -u*n = -23 + 5. What are the prime factors of n?
3
Let q(d) = d**2 + 6*d - 3. What are the prime factors of q(2)?
13
Suppose 3*r + 10 = 85. What are the prime factors of r?
5
Suppose -4*m + 61 = -31. Let h = -11 + m. List the prime factors of h.
2, 3
Let c(m) = m**3 + m - 14. Let f be c(0). Let d = f - -16. What are the prime factors of d?
2
List the prime factors of 56/(-10)*(-35)/2.
2, 7
Suppose 5*u + 4 - 129 = 0. What are the prime factors of u?
5
Suppose -232 = -2*f - 3*f + c, -4*f + 180 = 2*c. List the prime factors of f.
2, 23
Let o(t) = -t**2 - 3*t + 1. Let r be o(-3). Let n(q) = q + 2*q + 4 - 3. List the prime factors of n(r).
2
Suppose 4*u - 184 = 60. What are the prime factors of u?
61
Let a be 1*-2*(-1 - 0). What are the prime factors of ((-4)/(-4))/(a/26)?
13
Suppose 4*y - 64 - 124 = 0. List the prime factors of y.
47
Let m = 159 + -100. What are the prime factors of m?
59
What are the prime factors of (8/36)/((-4)/(-6))*159?
53
Let k(i) = -5 - 7 + i**2 + 15*i - 8*i. What are the prime factors of k(-9)?
2, 3
Suppose j = 0, 2*p + 4*j = 4*p + 14. Let n = 14 + p. Suppose -4*v - 39 = -n*v. List the prime factors of v.
13
Let r(w) = w**3 - 2*w**2 - 2*w - 1. Let f be r(-2). Let j = 20 + f. What are the prime factors of j?
7
Suppose 5*v = 6 - 1. Let k be (v + 1)*(0 - -2). Suppose -2*o + k = -12. What are the prime factors of o?
2
Let r = 209 + -57. List the prime factors of r.
2, 19
Suppose n = -0*n - 3, -2*a + 4*n + 80 = 0. List the prime factors of a.
2, 17
What are the prime factors of (185/(-15) + -3)*(-13 - -1)?
2, 23
Suppose -8*u + 48 = -6*u. List the prime factors of u.
2, 3
Suppose 0 = 2*c + k + k - 56, 2*k + 106 = 4*c. Suppose -8 = -4*n + 2*n. Suppose c = -d + n*d. What are the prime factors of d?
3
Suppose 3*p = 141 - 51. Suppose a = -4*a + p. What are the prime factors of a?
2, 3
Let k(i) = i**3 - 10*i**2 + 13*i - 7. What are the prime factors of k(9)?
29
Let s be 2655/(-65) - (-8)/(-52). Let l = s + 91. What are the prime factors of l?
2, 5
Let v(c) = -2*c**3 + 6*c**2 + 7*c. List the prime factors of v(-3).
3, 29
Suppose 54 + 118 = 4*f. What are the prime factors of f?
43
Suppose 5*n + 4*o - 763 = 0, -3*n + o + o + 449 = 0. List the prime factors of n.
151
Let b(i) = i**2 - 5*i + 2. Let l be b(7). Suppose s = -2*y + l, -5*y + s + 26 = -y. List the prime factors of (-2 - (-3)/1) + y.
2
Let c(f) be the second derivative of -f**5/20 - 7*f**4/12 - 7*f**3/6 - 3*f**2/2 + 2*f. Let i be c(-6). Suppose 0 = -i*x - 2*x + 55. List the prime factors of x.
11
Let k(y) = y**3 - 6*y**2 + 4*y + 6. What are the prime factors of k(6)?
2, 3, 5
List the prime factors of (29 + -2)*(-15)/(-5).
3
Let o(i) be the second derivative of -i**4/12 - 5*i**3/6 - 3*i. List the prime factors of o(-3).
2, 3
Suppose g = -2*w + 139, -4*g + 4*w - 8*w = -576. What are the prime factors of g?
149
Let r be 4/14 - (-552)/28. Suppose -4*d - r = -6*d. What are the prime factors of d?
2, 5
Let i = 10 + -8. Suppose 4*r + 7 - 3 = 0. Let j = i - r. What are the prime factors of j?
3
Let j(a) = -2*a + 2*a - 18 - 2*a + 2. List the prime factors of j(-11).
2, 3
Let s(v) = v**2 - 7*v - 13. Let m be s(9). What are the prime factors of (-2)/m + 137/5?
3
Let o be 1 - 1/(3/(-159)). Suppose 0 = 5*m - 3*s - o, 2*s - 41 + 1 = -3*m. Suppose 3*r - m = 30. List the prime factors of r.
2, 7
Let k(w) = -4*w + 4. Let i be k(3). Let y = -5 - i. Suppose q - 11 + y = 0. List the prime factors of q.
2
Let h(d) = -d**3 - 14*d**2 + 16*d + 13. Let s be h(-15). Let j = -2 - -2. List the prime factors of (-6)/(-3) - (s + j).
2
Suppose 0*l = 5*l - 160. Let j = l - 15. Let u = -12 + j. List the prime factors of u.
5
Let y(t) = t + 21. Let d(k) = -17*k - 82. Let q(s) = 8*s + 41. Let h(u) = 6*d(u) + 13*q(u). Let x(f) = 4*h(f) - 7*y(f). List the prime factors of x(-7).
2, 5
Let x(n) = 2*n - 4. Let s be x(0). Let t(j) = 4*j + 5 - j - 2*j**2 + 3*j**2. List the prime factors of t(s).
3
Let j = -1 - -6. Suppose -f = j*q + 36, -5*f + 4*q - 180 = 3*q. Let y = f - -50. List the prime factors of y.
2, 7
Let u(b) = -b**2 + b + 10. Let m be u(0). Suppose -5*a - m = -35. List the prime factors of a.
5
Suppose -2*o + 12 = o. Suppose -t - 80 = -o*t - w, 3*t = -3*w + 84. What are the prime factors of t?
2, 13
Let r = 1 - 1. Let f(a) = -7*a + 20. Let j(u) = 20*u - 59. Let h(s) = -17*f(s) - 6*j(s). List the prime factors of h(r).
2, 7
Suppose 0 = -5*j - 0*i - 3*i - 37, 0 = -3*j + 2*i - 26. Let a(n) = n**3 + 9*n**2 + 8*n + 6. List the prime factors of a(j).
2, 3
Let o(q) = q**2 - 10*q + 5. Let v be o(10). Suppose v*p + 25 = 0, p - 2 - 3 = -5*c. Suppose 17 = t + d, -c*t + 82 = 3*t + 4*d. What are the prime factors of t?
2, 7
Suppose 1 = -6*b + 7*b. Let j = -2 - b. Let z = j + 21. List the prime factors of z.
2, 3
Let v(u) = u**3 - 5*u**2 - 7*u + 6. Let r be v(6). Suppose -g + 5*d + 13 = 0, 3*g = -r*g + 2*d + 13. What are the prime factors of g?
3
Let t(g) = 2*g - 2 - 3*g + 0*g. Let f = -18 - -11. List the prime factors of t(f).
5
Suppose -5*f + 15 + 5 = 0. Suppose -f*h + 41 = c, -2*c + 17 = -0*h - 5*h. Suppose 2*g - 17 - c = 0. What are the prime factors of g?
19
Suppose -3*z - n = -2*n + 2, 12 = 2*z - 4*n. Let w(m) = -16*m + 2. What are the prime factors of w(z)?
2, 17
Let b(y) = 28*y**2 + 4*y + 2. List the prime factors of b(-1).
2, 13
Suppose 0 = h + z - 164, 5*h - 811 = 4*z - 0*z. List the prime factors of h.
163
Let x(c) = 3*c - 5. Let m be x(3). Suppose -j + 17 = -m. List the prime factors of j.
3, 7
Let m(g) = g**2 + 5*g - 1. Let l be m(-4). Let s = -4 - l. Suppose t = 13 + s. What are the prime factors of t?
2, 7
Let d(u) = u**2 - 3*u - 4. Suppose 3*b = 2*s + 9, b + 4*b + 5*s - 15 = 0. Let n be d(b). What are the prime factors of n/(-8) + 15/2?
2
Let p be (54/15)/((-3)/10). Let i be 4*(-23)/p*3. Let v = -14 + i. What are the prime factors of v?
3
Let x(f) = -45*f**2 - 2*f - 1. Let i be x(-1). Let m = i + 64. What are the prime factors of m?
2, 5
Suppose -4*b + 4*f + 16 = 0, f - 47 = -3*b - 3*f. Suppose 1 = -4*p + b. Suppose -p*n + n + 11 = 0. What are the prime factors of n?
11
List the prime factors of (0 - 1/(1/(-124)))*1.
2, 31
Let r(i) = -i + 5. Suppose -c = 5*d + 143, -4*c + c - 9 = 0. Let p be d/(-10) - (-2)/10. List the prime factors of r(p).
2
Suppose -4*f + j = -4*j - 6300, 6300 = 4*f - 2*j. What are the prime factors of f/60 - (-2)/(-8)?
2, 13
Let s = -11 - -7. Let j(v) = -7*v - 6. What are the prime factors of j(s)?
2, 11
Suppose o = -2*m + 71, -m - 3*m + 2*o = -138. List the prime factors of m.
5, 7
Suppose 0 = -2*z - 0*z - 128. Let o = -46 - z. Suppose j + 3*d = -2*j + o, 2*d = 4*j - 12. List the prime factors of j.
2
Let t = -17 + 42. What are the prime factors of t?
5
Let w = 12 - 7. Suppose 0 = m - 2*m + w. Suppose -m*f + 12 = -o, 0 = -o + 3*f - 6 + 2. What are the prime factors of o?
2
Let j(k) be the second derivative of k**7/1260 + k**6/360 - k**5/120 - k**4/12 + k. Let p(r) be the third derivative of j(r). List the prime factors of p(-2).
3
Let a(x) = 2*x**2 + 3*x. Let o = 5 + -7. What are the prime factors of a(o)?
2
Suppose 0 = 3*j - 5*j + 4. What are the prime factors of j + 3*(-76)/(-12)?
3, 7
Let h = 427 - 149. List the prime factors of h.
2, 139
Suppose 17 = -3*n - 2*i, i - 3*i = n + 11. List the prime factors of ((-4)/12)/(n/18).
2
What are the prime factors of 2*(4 + -1)*2?
2, 3
Let n(o) = -56*o**3. List the prime factors of n(-1).
2, 7
What are the prime factors of ((-15)/(-2) + -4)*4?
2, 7
Let j(i) be the third derivative of -i**5/60 + 5*i**4/24 - 3*i**2. List the prime factors of j(4).
2
Let k = -6 - -7. Let c(y) = 12*y**2. What are the prime factors of c(k)?
2, 3
Suppose 4*l - 294 = 134. What are the prime factors of l?
107
Let y(t) be the first derivative of -t**2/2 + 11*